[INFO] cloning repository https://github.com/Firesz25/firesz25-test
[INFO] running `Command { std: "git" "-c" "credential.helper=" "-c" "credential.helper=/workspace/cargo-home/bin/git-credential-null" "clone" "--bare" "https://github.com/Firesz25/firesz25-test" "/workspace/cache/git-repos/https%3A%2F%2Fgithub.com%2FFiresz25%2Ffiresz25-test", kill_on_drop: false }`
[INFO] [stderr] Cloning into bare repository '/workspace/cache/git-repos/https%3A%2F%2Fgithub.com%2FFiresz25%2Ffiresz25-test'...
[INFO] running `Command { std: "git" "rev-parse" "HEAD", kill_on_drop: false }`
[INFO] [stdout] 6169f493f45186872aa3d7b0e4b35df9d757992e
[INFO] building Firesz25/firesz25-test against master#ff34b919075f35a1787659e9c448a34b06bab8de for issue-85264
[INFO] running `Command { std: "git" "clone" "/workspace/cache/git-repos/https%3A%2F%2Fgithub.com%2FFiresz25%2Ffiresz25-test" "/workspace/builds/worker-11/source", kill_on_drop: false }`
[INFO] [stderr] Cloning into '/workspace/builds/worker-11/source'...
[INFO] [stderr] done.
[INFO] validating manifest of git repo https://github.com/Firesz25/firesz25-test on toolchain ff34b919075f35a1787659e9c448a34b06bab8de
[INFO] running `Command { std: "/workspace/cargo-home/bin/cargo" "+ff34b919075f35a1787659e9c448a34b06bab8de" "metadata" "--manifest-path" "Cargo.toml" "--no-deps", kill_on_drop: false }`
[INFO] started tweaking git repo https://github.com/Firesz25/firesz25-test
[INFO] finished tweaking git repo https://github.com/Firesz25/firesz25-test
[INFO] tweaked toml for git repo https://github.com/Firesz25/firesz25-test written to /workspace/builds/worker-11/source/Cargo.toml
[INFO] crate git repo https://github.com/Firesz25/firesz25-test already has a lockfile, it will not be regenerated
[INFO] running `Command { std: "/workspace/cargo-home/bin/cargo" "+ff34b919075f35a1787659e9c448a34b06bab8de" "fetch" "--manifest-path" "Cargo.toml", kill_on_drop: false }`
[INFO] running `Command { std: "docker" "create" "-v" "/var/lib/crater-agent-workspace/builds/worker-11/target:/opt/rustwide/target:rw,Z" "-v" "/var/lib/crater-agent-workspace/builds/worker-11/source:/opt/rustwide/workdir:ro,Z" "-v" "/var/lib/crater-agent-workspace/cargo-home:/opt/rustwide/cargo-home:ro,Z" "-v" "/var/lib/crater-agent-workspace/rustup-home:/opt/rustwide/rustup-home:ro,Z" "-e" "SOURCE_DIR=/opt/rustwide/workdir" "-e" "CARGO_TARGET_DIR=/opt/rustwide/target" "-e" "CARGO_HOME=/opt/rustwide/cargo-home" "-e" "RUSTUP_HOME=/opt/rustwide/rustup-home" "-w" "/opt/rustwide/workdir" "-m" "1610612736" "--user" "0:0" "--network" "none" "ghcr.io/rust-lang/crates-build-env/linux@sha256:20528e8c29e4536546f0102ce88568b16ea7538393a33fcca951030f7af10457" "/opt/rustwide/cargo-home/bin/cargo" "+ff34b919075f35a1787659e9c448a34b06bab8de" "metadata" "--no-deps" "--format-version=1", kill_on_drop: false }`
[INFO] [stderr] WARNING: Your kernel does not support swap limit capabilities or the cgroup is not mounted. Memory limited without swap.
[INFO] [stdout] 77ca1fdd6afa5f023c0daa5b8dbafe926f9eaa048bf41b4d6f99df5a46e6f061
[INFO] running `Command { std: "docker" "start" "-a" "77ca1fdd6afa5f023c0daa5b8dbafe926f9eaa048bf41b4d6f99df5a46e6f061", kill_on_drop: false }`
[INFO] running `Command { std: "docker" "inspect" "77ca1fdd6afa5f023c0daa5b8dbafe926f9eaa048bf41b4d6f99df5a46e6f061", kill_on_drop: false }`
[INFO] running `Command { std: "docker" "rm" "-f" "77ca1fdd6afa5f023c0daa5b8dbafe926f9eaa048bf41b4d6f99df5a46e6f061", kill_on_drop: false }`
[INFO] [stdout] 77ca1fdd6afa5f023c0daa5b8dbafe926f9eaa048bf41b4d6f99df5a46e6f061
[INFO] running `Command { std: "docker" "create" "-v" "/var/lib/crater-agent-workspace/builds/worker-11/target:/opt/rustwide/target:rw,Z" "-v" "/var/lib/crater-agent-workspace/builds/worker-11/source:/opt/rustwide/workdir:ro,Z" "-v" "/var/lib/crater-agent-workspace/cargo-home:/opt/rustwide/cargo-home:ro,Z" "-v" "/var/lib/crater-agent-workspace/rustup-home:/opt/rustwide/rustup-home:ro,Z" "-e" "SOURCE_DIR=/opt/rustwide/workdir" "-e" "CARGO_TARGET_DIR=/opt/rustwide/target" "-e" "CARGO_INCREMENTAL=0" "-e" "RUST_BACKTRACE=full" "-e" "RUSTFLAGS=--cap-lints=forbid" "-e" "CARGO_HOME=/opt/rustwide/cargo-home" "-e" "RUSTUP_HOME=/opt/rustwide/rustup-home" "-w" "/opt/rustwide/workdir" "-m" "1610612736" "--user" "0:0" "--network" "none" "ghcr.io/rust-lang/crates-build-env/linux@sha256:20528e8c29e4536546f0102ce88568b16ea7538393a33fcca951030f7af10457" "/opt/rustwide/cargo-home/bin/cargo" "+ff34b919075f35a1787659e9c448a34b06bab8de" "build" "--frozen" "--message-format=json", kill_on_drop: false }`
[INFO] [stdout] 7e37e99a2dbee6cbf6b56c979d19da198e108eca6ae878f1df59f5e86d3004cb
[INFO] [stderr] WARNING: Your kernel does not support swap limit capabilities or the cgroup is not mounted. Memory limited without swap.
[INFO] running `Command { std: "docker" "start" "-a" "7e37e99a2dbee6cbf6b56c979d19da198e108eca6ae878f1df59f5e86d3004cb", kill_on_drop: false }`
[INFO] [stderr]    Compiling libc v0.2.90
[INFO] [stderr]    Compiling syn v1.0.64
[INFO] [stderr]    Compiling once_cell v1.7.2
[INFO] [stderr]    Compiling futures-core v0.3.13
[INFO] [stderr]    Compiling regex-syntax v0.6.23
[INFO] [stderr]    Compiling futures-sink v0.3.13
[INFO] [stderr]    Compiling futures-task v0.3.13
[INFO] [stderr]    Compiling futures-io v0.3.13
[INFO] [stderr]    Compiling byteorder v1.4.3
[INFO] [stderr]    Compiling pkg-config v0.3.19
[INFO] [stderr]    Compiling ahash v0.4.7
[INFO] [stderr]    Compiling opaque-debug v0.3.0
[INFO] [stderr]    Compiling cpuid-bool v0.1.2
[INFO] [stderr]    Compiling radium v0.5.3
[INFO] [stderr]    Compiling openssl v0.10.33
[INFO] [stderr]    Compiling lexical-core v0.7.5
[INFO] [stderr]    Compiling autocfg v0.1.7
[INFO] [stderr]    Compiling adler v1.0.2
[INFO] [stderr]    Compiling funty v1.1.0
[INFO] [stderr]    Compiling tap v1.0.1
[INFO] [stderr]    Compiling arrayvec v0.5.2
[INFO] [stderr]    Compiling wyz v0.2.0
[INFO] [stderr]    Compiling static_assertions v1.1.0
[INFO] [stderr]    Compiling whoami v1.1.1
[INFO] [stderr]    Compiling httparse v1.3.5
[INFO] [stderr]    Compiling convert_case v0.4.0
[INFO] [stderr]    Compiling ansi_term v0.12.1
[INFO] [stderr]    Compiling either v1.6.1
[INFO] [stderr]    Compiling maplit v1.0.2
[INFO] [stderr]    Compiling unicode_categories v0.1.1
[INFO] [stderr]    Compiling gimli v0.23.0
[INFO] [stderr]    Compiling language-tags v0.2.2
[INFO] [stderr]    Compiling unicode-segmentation v1.7.1
[INFO] [stderr]    Compiling owo-colors v1.3.0
[INFO] [stderr]    Compiling object v0.23.0
[INFO] [stderr]    Compiling rustc-demangle v0.1.18
[INFO] [stderr]    Compiling dotenv v0.15.0
[INFO] [stderr]    Compiling tokio v1.4.0
[INFO] [stderr]    Compiling num-traits v0.2.14
[INFO] [stderr]    Compiling num-integer v0.1.44
[INFO] [stderr]    Compiling miniz_oxide v0.4.4
[INFO] [stderr]    Compiling crossbeam-utils v0.8.3
[INFO] [stderr]    Compiling num-bigint v0.2.6
[INFO] [stderr]    Compiling num-iter v0.1.42
[INFO] [stderr]    Compiling num-bigint v0.3.2
[INFO] [stderr]    Compiling lazy_static v1.4.0
[INFO] [stderr]    Compiling lock_api v0.4.2
[INFO] [stderr]    Compiling generic-array v0.14.4
[INFO] [stderr]    Compiling openssl-src v111.14.0+1.1.1j
[INFO] [stderr]    Compiling standback v0.2.17
[INFO] [stderr]    Compiling time v0.2.26
[INFO] [stderr]    Compiling nom v6.1.2
[INFO] [stderr]    Compiling brotli-sys v0.3.2
[INFO] [stderr]    Compiling ahash v0.7.2
[INFO] [stderr]    Compiling cookie v0.14.4
[INFO] [stderr]    Compiling ahash v0.6.3
[INFO] [stderr]    Compiling bytestring v1.0.0
[INFO] [stderr]    Compiling tinyvec v1.1.1
[INFO] [stderr]    Compiling http v0.2.3
[INFO] [stderr]    Compiling hashbrown v0.9.1
[INFO] [stderr]    Compiling futures-channel v0.3.13
[INFO] [stderr]    Compiling actix-service v2.0.0-beta.5
[INFO] [stderr]    Compiling thread_local v1.1.3
[INFO] [stderr]    Compiling num-bigint-dig v0.6.1
[INFO] [stderr]    Compiling heck v0.3.2
[INFO] [stderr]    Compiling tracing-core v0.1.17
[INFO] [stderr]    Compiling sharded-slab v0.1.1
[INFO] [stderr]    Compiling openssl-sys v0.9.61
[INFO] [stderr]    Compiling crc32fast v1.2.1
[INFO] [stderr]    Compiling eyre v0.6.5
[INFO] [stderr]    Compiling indexmap v1.6.2
[INFO] [stderr]    Compiling hashlink v0.6.0
[INFO] [stderr]    Compiling bitvec v0.19.5
[INFO] [stderr]    Compiling unicode-normalization v0.1.17
[INFO] [stderr]    Compiling regex v1.4.5
[INFO] [stderr]    Compiling regex-automata v0.1.9
[INFO] [stderr]    Compiling parking_lot_core v0.8.3
[INFO] [stderr]    Compiling signal-hook-registry v1.3.0
[INFO] [stderr]    Compiling mio v0.7.10
[INFO] [stderr]    Compiling num_cpus v1.13.0
[INFO] [stderr]    Compiling getrandom v0.2.2
[INFO] [stderr]    Compiling time v0.1.43
[INFO] [stderr]    Compiling ring v0.16.20
[INFO] [stderr]    Compiling getrandom v0.1.16
[INFO] [stderr]    Compiling atty v0.2.14
[INFO] [stderr]    Compiling flate2 v1.0.20
[INFO] [stderr]    Compiling socket2 v0.3.19
[INFO] [stderr]    Compiling digest v0.9.0
[INFO] [stderr]    Compiling block-buffer v0.9.0
[INFO] [stderr]    Compiling crossbeam-channel v0.5.0
[INFO] [stderr]    Compiling crossbeam-queue v0.3.1
[INFO] [stderr]    Compiling atoi v0.4.0
[INFO] [stderr]    Compiling addr2line v0.14.1
[INFO] [stderr]    Compiling parking_lot v0.11.1
[INFO] [stderr]    Compiling rand_core v0.6.2
[INFO] [stderr]    Compiling idna v0.2.2
[INFO] [stderr]    Compiling stringprep v0.1.2
[INFO] [stderr]    Compiling rand_core v0.5.1
[INFO] [stderr]    Compiling matchers v0.0.1
[INFO] [stderr]    Compiling env_logger v0.7.1
[INFO] [stderr]    Compiling pem v0.8.3
[INFO] [stderr]    Compiling sha-1 v0.9.4
[INFO] [stderr]    Compiling sha2 v0.9.3
[INFO] [stderr]    Compiling chrono v0.4.19
[INFO] [stderr]    Compiling backtrace v0.3.56
[INFO] [stderr]    Compiling rand_chacha v0.3.0
[INFO] [stderr]    Compiling rand_chacha v0.2.2
[INFO] [stderr]    Compiling webpki v0.21.4
[INFO] [stderr]    Compiling sct v0.6.0
[INFO] [stderr]    Compiling tracing-log v0.1.2
[INFO] [stderr]    Compiling url v2.2.1
[INFO] [stderr]    Compiling rand v0.8.3
[INFO] [stderr]    Compiling rand v0.7.3
[INFO] [stderr]    Compiling webpki-roots v0.21.0
[INFO] [stderr]    Compiling rustls v0.19.0
[INFO] [stderr]    Compiling simple_asn1 v0.4.1
[INFO] [stderr]    Compiling brotli2 v0.3.2
[INFO] [stderr]    Compiling synstructure v0.12.4
[INFO] [stderr]    Compiling sqlformat v0.1.6
[INFO] [stderr]    Compiling tokio-util v0.6.5
[INFO] [stderr]    Compiling tokio-stream v0.1.5
[INFO] [stderr]    Compiling tokio-rustls v0.22.0
[INFO] [stderr]    Compiling actix-codec v0.4.0-beta.1
[INFO] [stderr]    Compiling serde_derive v1.0.124
[INFO] [stderr]    Compiling futures-macro v0.3.13
[INFO] [stderr]    Compiling actix-macros v0.2.0
[INFO] [stderr]    Compiling tracing-attributes v0.1.15
[INFO] [stderr]    Compiling pin-project-internal v1.0.5
[INFO] [stderr]    Compiling zeroize_derive v1.0.1
[INFO] [stderr]    Compiling time-macros-impl v0.1.1
[INFO] [stderr]    Compiling thiserror-impl v1.0.24
[INFO] [stderr]    Compiling derive_more v0.99.13
[INFO] [stderr]    Compiling actix-web-codegen v0.5.0-beta.2
[INFO] [stderr]    Compiling actix-rt v2.1.0
[INFO] [stderr]    Compiling zeroize v1.2.0
[INFO] [stderr]    Compiling actix-utils v3.0.0-beta.2
[INFO] [stderr]    Compiling sqlx-rt v0.3.0
[INFO] [stderr]    Compiling time-macros v0.1.1
[INFO] [stderr]    Compiling futures-util v0.3.13
[INFO] [stderr]    Compiling actix-server v2.0.0-beta.3
[INFO] [stderr]    Compiling thiserror v1.0.24
[INFO] [stderr]    Compiling tracing v0.1.25
[INFO] [stderr]    Compiling pin-project v1.0.5
[INFO] [stderr]    Compiling tracing-futures v0.2.5
[INFO] [stderr]    Compiling futures-executor v0.3.13
[INFO] [stderr]    Compiling h2 v0.3.1
[INFO] [stderr]    Compiling futures v0.3.13
[INFO] [stderr]    Compiling serde v1.0.124
[INFO] [stderr]    Compiling serde_json v1.0.64
[INFO] [stderr]    Compiling tracing-serde v0.1.2
[INFO] [stderr]    Compiling serde_urlencoded v0.7.0
[INFO] [stderr]    Compiling actix-router v0.2.7
[INFO] [stderr]    Compiling tracing-subscriber v0.2.17
[INFO] [stderr]    Compiling rsa v0.3.0
[INFO] [stderr]    Compiling sqlx-core v0.5.1
[INFO] [stderr]    Compiling tracing-error v0.1.2
[INFO] [stderr]    Compiling color-spantrace v0.1.6
[INFO] [stderr]    Compiling color-eyre v0.5.10
[INFO] [stderr]    Compiling tokio-openssl v0.6.1
[INFO] [stderr]    Compiling actix-tls v3.0.0-beta.4
[INFO] [stderr]    Compiling actix-http v3.0.0-beta.4
[INFO] [stderr]    Compiling sqlx-macros v0.5.1
[INFO] [stderr]    Compiling awc v3.0.0-beta.3
[INFO] [stderr]    Compiling actix-web v4.0.0-beta.4
[INFO] [stderr]    Compiling sqlx v0.5.1
[INFO] [stderr]    Compiling firesz25 v0.1.0 (/opt/rustwide/workdir)
[INFO] [stdout] error[E0433]: failed to resolve: use of undeclared type `SslFiletype`
[INFO] [stdout]   --> src/main.rs:12:42
[INFO] [stdout]    |
[INFO] [stdout] 12 |         .set_private_key_file("key.pem", SslFiletype::PEM)
[INFO] [stdout]    |                                          ^^^^^^^^^^^ use of undeclared type `SslFiletype`
[INFO] [stdout] 
[INFO] [stdout] 
[INFO] [stdout] error[E0433]: failed to resolve: use of undeclared type `SslAcceptor`
[INFO] [stdout]   --> src/main.rs:10:9
[INFO] [stdout]    |
[INFO] [stdout] 10 |         SslAcceptor::mozilla_intermediate(SslMethod::tls()).unwrap();
[INFO] [stdout]    |         ^^^^^^^^^^^ not found in this scope
[INFO] [stdout]    |
[INFO] [stdout] help: consider importing this struct
[INFO] [stdout]    |
[INFO] [stdout] 1  | use openssl::ssl::SslAcceptor;
[INFO] [stdout]    |
[INFO] [stdout] 
[INFO] [stdout] 
[INFO] [stdout] error[E0433]: failed to resolve: use of undeclared type `SslMethod`
[INFO] [stdout]   --> src/main.rs:10:43
[INFO] [stdout]    |
[INFO] [stdout] 10 |         SslAcceptor::mozilla_intermediate(SslMethod::tls()).unwrap();
[INFO] [stdout]    |                                           ^^^^^^^^^ not found in this scope
[INFO] [stdout]    |
[INFO] [stdout] help: consider importing this struct
[INFO] [stdout]    |
[INFO] [stdout] 1  | use openssl::ssl::SslMethod;
[INFO] [stdout]    |
[INFO] [stdout] 
[INFO] [stdout] 
[INFO] [stdout] error: aborting due to 3 previous errors
[INFO] [stdout] 
[INFO] [stdout] 
[INFO] [stdout] For more information about this error, try `rustc --explain E0433`.
[INFO] [stdout] 
[INFO] [stderr] error: could not compile `firesz25`
[INFO] [stderr] 
[INFO] [stderr] To learn more, run the command again with --verbose.
[INFO] running `Command { std: "docker" "inspect" "7e37e99a2dbee6cbf6b56c979d19da198e108eca6ae878f1df59f5e86d3004cb", kill_on_drop: false }`
[INFO] running `Command { std: "docker" "rm" "-f" "7e37e99a2dbee6cbf6b56c979d19da198e108eca6ae878f1df59f5e86d3004cb", kill_on_drop: false }`
[INFO] [stdout] 7e37e99a2dbee6cbf6b56c979d19da198e108eca6ae878f1df59f5e86d3004cb
